w be (2 + 9/(-2))/((-3)/36). What is the tens digit of ((-1)/(3/w))/((-2)/5)?
2
Let p be (40/100)/((-2)/20). What is the tens digit of 1*(221 + p/(-2))?
2
Let c be 2/4*-2*-13. Let v(g) = 2*g + 17. What is the tens digit of v(c)?
4
Let b = 170 + -125. Let l = 106 + b. What is the tens digit of l?
5
Let i(d) = 3*d**2 - 18*d - 8. What is the hundreds digit of i(-14)?
8
Let d(h) = 2*h**2 + 15*h. Suppose -14 - 10 = 2*g. What is the units digit of d(g)?
8
Suppose 28 = 11*f - 27. Suppose -5*m - 45 = -5*x, -x + 2*x - f*m - 25 = 0. What is the units digit of x?
5
Let o be -1 + (-3 - 9 - 2). Let j = -15 - o. Suppose 3*r = -6*x + 3*x + 33, j = 2*r + 5*x - 37. What is the units digit of r?
6
Suppose 0*a + 3*x + 859 = 2*a, 4*x = -a + 402. What is the units digit of a?
2
Let q(d) = -d**3 - 11*d**2 - 12*d - 13. Suppose -3*u - 12 = 18. Let x be q(u). What is the tens digit of (x + -6)/((-1)/(-11))?
1
Let d(c) be the first derivative of -c**6/360 + c**5/10 - 7*c**4/24 + 8*c**3/3 + 6. Let v(x) be the third derivative of d(x). What is the units digit of v(6)?
9
Let j be ((-20)/(-60))/(((-5)/(-12))/5). What is the tens digit of (-42)/(-3)*(j + -1)?
4
Suppose 578 = -5*z - 142. Let j = -66 - z. What is the tens digit of j?
7
Let g(h) = h**3 - 7*h**2 + 9*h + 5. Let b be g(5). Suppose b = 7*r - 20*r + 234. What is the tens digit of r?
1
Let s be (-40)/60 - (-4)/6. Suppose x = -4*o + 51 - 2, 3*x + 3*o - 174 = s. What is the tens digit of x?
6
Let c(r) = -r**3 + 1026*r**2 - 17*r - 1042*r**2 + 20 + 0*r**3. What is the units digit of c(-15)?
0
Suppose 44 + 81 = 5*x. Suppose -x*c = -20*c - 775. What is the hundreds digit of c?
1
Let f(g) = -g**2 + 11*g - 8. Suppose k - 1 = -3*u + 6, 4*u - 26 = 2*k. Suppose t = s + u, 0 = s - 3 - 2. What is the tens digit of f(t)?
1
Let n(f) = f**3 - f**2 - f + 13. Let w(p) = p - 6. Let k(c) = c. Let b be k(6). Let q be w(b). What is the units digit of n(q)?
3
Let k = 143 + -98. What is the units digit of k?
5
Let m(j) = 4*j - 66. Let c(v) = 3*v - 67. Let u(r) = -3*c(r) + 2*m(r). What is the units digit of u(0)?
9
Suppose 0 = 3*z - 4*v + 2*v - 550, -4*z - 4*v = -720. What is the hundreds digit of z?
1
Suppose 0 = -4*z - 3*u + 222, 3*u + 18 + 84 = 2*z. Suppose 4*b = -z + 14. What is the tens digit of 14/(2/b*-2)?
3
Let h = 391 - -841. What is the thousands digit of h?
1
Let m = 52 - 22. Suppose -4*x + m = -2*v, -2*x + 20 = -5*v - 15. Suppose -140 = -4*f - x*d + d, -4*d = 12. What is the tens digit of f?
3
Let t be 3111/(-15) + ((-2)/(-5) - 0). Let u = 307 + t. What is the tens digit of u?
0
Let v be (-688)/(-10) + -4 + (-21)/(-5). Suppose -9*c + 291 = -v. What is the units digit of c?
0
Let g(u) be the first derivative of -u**3/3 + 5*u**2 - 14*u - 8. Let r be g(8). Let w(v) = 2*v**3 - 3*v**2 + 3*v - 3. What is the units digit of w(r)?
7
Let s be (-180)/(-21)*(4 + 3). Suppose s + 168 = 3*j. Suppose 2*x = -3*a - 7 + 67, j = 4*x - 5*a. What is the tens digit of x?
2
Suppose -3*i + 2*i = -5*p - 16, -i = 3*p + 8. Let m be (1*(-3 - -4))/i. What is the units digit of (m/2)/(6/36)?
3
Suppose -3*q + 1 = -2*q, -3*q + 1 = z. What is the units digit of 89/((-3)/(-5 - z))?
9
Let t = 26 + -37. Let u(i) = i**2 + 10*i - 16. Let z be u(t). Let x(o) = 2*o**2 + 7*o + 5. What is the tens digit of x(z)?
2
Suppose -11*p - 5668 = -24*p. What is the hundreds digit of p?
4
Let y(x) = 28*x**2 - 43. What is the units digit of y(7)?
9
Let s(o) = 4*o + 9. Let f be s(-8). Let b = f + 190. What is the tens digit of b?
6
Suppose -3 = -i - b, 4*i - 1 = 3*b + 18. Let t = -18 + 35. Suppose i*n - t = 3. What is the units digit of n?
5
What is the units digit of ((-7)/(21/(-2)))/(16/73176)?
9
Suppose 0 = -4*p, 0 = -2*s + 4*s - 4*p. Suppose -6*v + 16 = 4. Suppose s = v*j - j - 21. What is the units digit of j?
1
Suppose 6 = -5*c + 3*v + 26, 0 = 2*c - 3*v + 1. Suppose 1 = -3*p + c. What is the tens digit of 15 + (-3)/6*p?
1
Let y(u) = -u + 2. Let r be y(-5). Suppose 0 = -r*k + 10*k - 18. Suppose -11*v + 345 = -k*v. What is the units digit of v?
9
Let h(o) = o**2 - 3*o + 51. What is the tens digit of h(-10)?
8
Suppose 17270 = 5*f + 3*v, 5*f + 2*v - 12667 = 4603. What is the hundreds digit of f?
4
What is the thousands digit of ((-1176)/(-40))/(1/75)?
2
Let v be (4 + 4 + -18)*-19. Suppose -32 + v = 2*c. What is the units digit of c?
9
Let w = 53 + -13. Suppose -4*l - 12 = -w. What is the units digit of l?
7
Let o = -5 - 3. Let n = o - -14. What is the units digit of n + 5 + 1 + -5?
7
Let j(w) = w**3 + 12*w**2 - 16*w - 18. Let k be j(-13). Suppose 3*v + k = 4*r - 29, 4*v + 8 = 0. What is the units digit of r?
1
Suppose -2*k - 199 + 1094 = u, -1345 = -3*k + u. What is the tens digit of k?
4
Let p = 102 - 69. Let a be (-25)/3 - 22/p. Let w(b) = b**2 + 5*b - 12. What is the units digit of w(a)?
4
Suppose 0 = 6*r - 24 - 12. What is the tens digit of (89 - 2)*4/r?
5
Let q(i) = -3 + 2 + 4*i - 2*i**2 + 0*i - i. Let f be q(2). What is the tens digit of -6*(-5)/f*-2?
2
Let w(z) = z**3 - 14*z**2 - 12*z - 3. Let u be w(15). What is the units digit of (-51*(-6)/54)/(2/u)?
9
Let l(b) = 2*b - 7. Let o be l(5). Suppose -o*d + 6*d + 9 = 0. What is the units digit of d - ((-3)/3 + -29)?
7
Let d = 9 - 5. Suppose d*q + 5*b - 38 = 2, b - 4 = 0. Suppose 4*l + 3 = z - 24, q*l - 45 = -z. What is the tens digit of z?
3
Let b(n) = 10 - 3*n + n**3 + 2*n**2 + 3*n**2 - 11*n**3 + 11*n**3. What is the units digit of b(-5)?
5
Suppose 3*j + 0*j = -4*d - 83, 3*d + 131 = -5*j. Let z = j - -36. Suppose 2*a - z = 1. What is the units digit of a?
6
Suppose 21*a - 320 = 16*a. Suppose 0 = -3*x - a + 391. What is the units digit of x?
9
Let x(t) = -t**2 - 6*t - 5. Let d be x(-4). Suppose 4*u = 0, 5*s - d*u = 3*s + 318. What is the tens digit of s?
5
Let d = 1013 - 41. What is the units digit of d?
2
Let n = 13 + -11. Suppose -14 = -n*t - 0*t. Let z = 25 - t. What is the units digit of z?
8
Let s(j) = -28*j - 94. What is the units digit of s(-6)?
4
Suppose 812 = 3*w - 4*o, -w - o - 14 = -273. Suppose 2*j - w - 108 = 0. What is the tens digit of j?
8
Suppose -4*a = 2*z - 504, -3*a - 2*a + 5*z + 660 = 0. Let o = -16 - -21. Suppose -o*d = -a - 22. What is the units digit of d?
0
Suppose 1126 + 914 = b - l, -6123 = -3*b + 4*l. Suppose -13*s = -6*s - b. What is the hundreds digit of s?
2
Let y(n) = -n**3 + 10*n**2 + 6. Let z(x) = 10*x**2 + x + 1. Let r be z(-1). Let m be y(r). Let t = m + 44. What is the units digit of t?
0
Suppose 23*m + 3801 - 41935 = 0. What is the hundreds digit of m?
6
Suppose 5*l = x + 10*l - 2815, -5*x - l = -14075. What is the thousands digit of x?
2
Let a(b) = -b**3 - 2*b**2 - 2*b - 3. Let d be a(-3). Suppose 28*i = -494 + 74. What is the tens digit of (i/d)/(3/(-36))?
1
Let m(c) = -2*c**3 - 14*c**2 - 15*c - 14. What is the tens digit of m(-11)?
1
Suppose 5*x + 15 = 3*w, -w + 2*x - 6*x = -5. Suppose 6 = -w*m - 14. What is the units digit of 3 - (-3 - -4) - m?
6
Let u = 1434 - -616. What is the tens digit of u?
5
Let n(r) = -3*r**2 + 12*r + 11. Let p be n(10). Let o be 143/p + 4/(-26). What is the units digit of -2 + o/((-4)/108)?
5
Suppose 0 = 13*y - 18*y. Suppose m - 3*m = y. What is the tens digit of -29*(-4 + 2) - m?
5
Let b be ((-2)/(-1))/((-6)/(-15)). Suppose n + 82 = 2*c, b*n - 194 = -5*c + 2*n. Let k = 7 + c. What is the tens digit of k?
4
What is the hundreds digit of ((-1020)/75)/((-4)/30)?
1
What is the hundreds digit of (0 - -3 - -8)/(1/35)?
3
Let w = 100 - 285. Let o = -97 - w. What is the units digit of o?
8
Suppose 6*c + 25 = 37. Suppose 3*m - 181 = 5*g + 40, -4*g = -c*m + 150. What is the tens digit of m?
6
Suppose -5*a - 5*y = -2*y - 45, -5*y - 25 = 0. What is the units digit of a?
2
Suppose -23153 - 5337 = -10*g. What is the thousands digit of g?
2
Let u(x) = 12*x**3 + 3*x + 2. Let r be u(-1). What is the units digit of 1*26 - (-13 - r)?
6
Suppose 10*b + 83 = 9*b. Let k = -70 - b. What is the tens digit of k?
1
Suppose -4*j = -m + 123, 0*m - 141 = -m - 2*j. Suppose 0*q - 2 = -q - 2*i, 4*q = -3*i + 23. Suppose -3*l + q*l - m = 0. What is the units digit of l?
7
Let d(j) = j**3 + 6*j**2 - 6*j + 6. Let i = 120 + -125. What is the units digit of d(i)?
1
Let r be (1 - 2)*5/((-15)/9). Suppose r*v - i - 431 = -6*i, 780 = 5*v - 4*i. What is the units digit of v?
2
Suppose -3*y - y + 12 =